llions digit of 2836284?
2
What is the tens digit of 2108332336?
3
What is the hundred thousands digit of 2696118108?
1
What is the hundreds digit of 47619126?
1
What is the millions digit of 64984062?
4
What is the millions digit of 53460818?
3
What is the tens digit of 50657631?
3
What is the tens digit of 675924628?
2
What is the hundred thousands digit of 29079117?
0
What is the ten millions digit of 86423079?
8
What is the millions digit of 494797461?
4
What is the tens digit of 34594634?
3
What is the hundred thousands digit of 4237380?
2
What is the hundred thousands digit of 56650412?
6
What is the hundred thousands digit of 251783594?
7
What is the units digit of 5029130992?
2
What is the hundred millions digit of 577649375?
5
What is the hundreds digit of 165082491?
4
What is the thousands digit of 2305738439?
8
What is the thousands digit of 5133735117?
5
What is the millions digit of 419266892?
9
What is the hundred millions digit of 2715808732?
7
What is the hundreds digit of 135708882?
8
What is the ten thousands digit of 82370684?
7
What is the hundred thousands digit of 7363215180?
2
What is the hundred thousands digit of 1217709365?
7
What is the ten thousands digit of 30725616?
2
What is the ten millions digit of 178488981?
7
What is the thousands digit of 4156622774?
2
What is the hundred thousands digit of 69548333?
5
What is the hundreds digit of 65865722?
7
What is the tens digit of 353554353?
5
What is the hundred thousands digit of 27330432?
3
What is the ten thousands digit of 918343615?
4
What is the units digit of 26869706?
6
What is the tens digit of 488096711?
1
What is the hundred thousands digit of 2283551?
2
What is the ten millions digit of 75405888?
7
What is the hundreds digit of 23930296?
2
What is the units digit of 478181911?
1
What is the hundreds digit of 1378672?
6
What is the ten thousands digit of 513566523?
6
What is the ten thousands digit of 254437975?
3
What is the hundreds digit of 46192658?
6
What is the hundred millions digit of 682850331?
6
What is the billions digit of 1859397456?
1
What is the units digit of 62789179?
9
What is the ten thousands digit of 325388710?
8
What is the tens digit of 4012958773?
7
What is the hundreds digit of 225497607?
6
What is the units digit of 15549345?
5
What is the units digit of 4258599?
9
What is the thousands digit of 88543987?
3
What is the millions digit of 52434210?
2
What is the thousands digit of 429740059?
0
What is the ten millions digit of 999906809?
9
What is the millions digit of 233148721?
3
What is the thousands digit of 165292245?
2
What is the units digit of 15041769?
9
What is the units digit of 119423235?
5
What is the hundred thousands digit of 63100345?
1
What is the billions digit of 1999240211?
1
What is the ten millions digit of 920916528?
2
What is the hundreds digit of 46437488?
4
What is the hundred thousands digit of 366047359?
0
What is the ten millions digit of 29136370?
2
What is the ten millions digit of 160621395?
6
What is the hundred millions digit of 1434555639?
4
What is the thousands digit of 15966420?
6
What is the ten thousands digit of 1913648857?
4
What is the hundred thousands digit of 338374394?
3
What is the hundred millions digit of 160186831?
1
What is the units digit of 555580480?
0
What is the ten thousands digit of 1830849798?
4
What is the ten thousands digit of 101947976?
4
What is the tens digit of 293668714?
1
What is the units digit of 11516952?
2
What is the ten millions digit of 415501316?
1
What is the tens digit of 5791610471?
7
What is the thousands digit of 25803213?
3
What is the tens digit of 151820471?
7
What is the hundred thousands digit of 236547559?
5
What is the ten millions digit of 77810311?
7
What is the billions digit of 2137669955?
2
What is the hundred thousands digit of 18196821?
1
What is the ten millions digit of 146253457?
4
What is the thousands digit of 1242773135?
3
What is the thousands digit of 10403851?
3
What is the units digit of 131225602?
2
What is the ten millions digit of 121233883?
2
What is the hundred millions digit of 321256338?
3
What is the tens digit of 1139559173?
7
What is the tens digit of 2465349061?
6
What is the ten millions digit of 4896561403?
9
What is the hundred millions digit of 3110771311?
1
What is the units digit of 442135769?
9
What is the units digit of 1672256914?
4
What is the ten thousands digit of 1689077657?
7
What is the hundreds digit of 167191494?
4
What is the ten millions digit of 32506629?
3
What is the units digit of 846161?
1
What is the hundred millions digit of 1347575868?
3
What is the units digit of 405186845?
5
What is the ten thousands digit of 1538560523?
6
What is the ten thousands digit of 267183811?
8
What is the millions digit of 1001775691?
1
What is the ten thousands digit of 396474389?
7
What is the ten millions digit of 179608417?
7
What is the ten thousands digit of 93896838?
9
What is the ten thousands digit of 107323454?
2
What is the hundred millions digit of 167077523?
1
What is the hundred millions digit of 378107090?
3
What is the millions digit of 546900625?
6
What is the millions digit of 26297798?
6
What is the ten millions digit of 62369982?
6
What is the thousands digit of 56492202?
2
What is the units digit of 42668004?
4
What is the millions digit of 50376294?
0
What is the units digit of 91686687?
7
What is the millions digit of 315150833?
5
What is the ten thousands digit of 68522295?
2
What is the hundred thousands digit of 36170034?
1
What is the units digit of 2400031645?
5
What is the thousands digit of 3590485528?
5
What is the ten millions digit of 1015000075?
1
What is the tens digit of 61352883?
8
What is the hundreds digit of 180377481?
4
What is the hundred millions digit of 387411203?
3
What is the ten millions digit of 34870702?
3
What is the thousands digit of 16233332?
3
What is the ten millions digit of 493168535?
9
What is the hundreds digit of 100615917?
9
What is the ten millions digit of 593154625?
9
What is the thousands digit of 30341614?
1
What is the thousands digit of 44168844?
8
What is the thousands digit of 420147449?
7
What is the units digit of 593396438?
8
What is the ten thousands digit of 253317775?
1
What is the units digit of 42345986?
6
What is the hundred millions digit of 489492969?
4
What is the tens digit of 1784626212?
1
What is the hundred thousands digit of 74052178?
0
What is the tens digit of 450608112?
1
What is the ten millions digit of 170043177?
7
What is the ten thousands digit of 5470003164?
0
What is the thousands digit of 32449661?
9
What is the ten thousands digit of 2135000630?
0
What is the hundreds digit of 3475709838?
8
What is the tens digit of 73148783?
8
What is the ten millions digit of 490702435?
9
What is the ten millions digit of 30430749?
3
What is the units digit of 2438069674?
4
What is the millions digit of 7368471?
7
What is the hundred millions digit of 360408918?
3
What is the ten thousands digit of 1530704993?
0
What is the units digit of 299621120?
0
What is the hundred thousands digit of 7889162925?
1
What is the hundred millions digit of 2507864084?
5
What is the units digit of 876876102?
2
What is the hundreds digit of 22348125?
1
What is the thousands digit of 1227963437?
3
What is the ten millions digit of 423171170?
2
What is the hundred millions digit of 454605194?
4
What is the ten millions digit of 36908541?
3
What is the ten thousands digit of 436393335?
9
What is the ten millions digit of 830108106?
3
What is the hundred thousands digit of 1454808833?
8
What is the hundred thousands digit of 391866862?
8
What is the ten millions digit of 64932709?
6
What is the millions digit of 6001131?
6
What is the hundreds digit of 1224457828?
8
What is the ten thousands digit of 118107014?
0
What is the tens digit of 206352257?
5
What is the hundreds digit of 2341916330?
3
What is the ten thousands digit of 734475654?
7
What is the billions digit of 4396826725?
4
What is the hundred thousands digit of 20293550?
2
What is the billions digit of 7118134082?
7
What is the ten millions digit of 289129858?
8
What is the units digit of 233622891?
1
What is the tens digit of 3182265574?
7
What is the units digit of 309000809?
9
What i